
Let z(l) = -l**2 + 3*l + 3. Let m(k) = -20*k + 0*k**2 - 3*k**2 + 8 + 29*k. Let g(y) = -3*m(y) + 8*z(y). Determine g(4).
4
Let l(k) = -k**2 + 7*k - 4. Let x be l(6). Suppose 0 = -x*v + 3 - 9. Let d(g) = 2 - 4*g - 106*g**2 + 105*g**2 + 1 - 4 + g. Calculate d(v).
-1
Let j(g) = -g**2 + 2*g - 3. Suppose 5*x = -4*h + h - 181, 5*h - 4*x = -240. Let n = h + 54. What is j(n)?
-3
Let v(z) = -3 - 5*z + 7*z - 4*z + 5 - 3*z. Calculate v(-2).
12
Let q = 373/222 + -1/74. Let b(u) be the first derivative of q*u**3 + 3 - 3*u - 1/4*u**4 + 3*u**2. What is b(6)?
-3
Let k be -2*(2 - 1 - 8). Suppose 0 = 4*r + v - 17, -2*r = -3*r + 5*v - 22. Suppose -k = -r*l - 5. Let t(g) = g**3 - 4*g**2 + 4*g - 4. Determine t(l).
-1
Let y be 4/6 + 36/27. Suppose -4 = f - 3*f - 4*m, -m + 11 = 3*f. Let b(h) = -2*h**2 - f*h + 5 + 4*h**2 + 0*h**y - 3*h**2. Give b(-5).
0
Suppose 8*m + 7 = -z + 4*m, -z = 2*m + 1. Let j(o) be the second derivative of 0 + o**3 + 1/20*o**z + 5/2*o**2 + 7/12*o**4 + 9*o. Determine j(-6).
5
Let q(u) = u**3 - 5*u**2 + 4*u - 6. Suppose -3*y - 4*g = -11, 2*y = 2*g + g + 13. Suppose -y*l + 20 = -5*k, -2*l - 2*k = -0 - 8. Give q(l).
-6
Let w(q) be the second derivative of -q**7/420 + q**6/90 + q**5/120 + 5*q**3/2 + 2*q. Let h(f) be the second derivative of w(f). What is h(3)?
-15
Let q(l) be the second derivative of -2*l**3/3 - 7*l**2/2 + 6*l. Determine q(-5).
13
Let w(n) = 4*n**3 - 5*n**3 - 3206*n + 3205*n + 2*n**2 - 2. Let g = 2 + 6. Suppose 0 = v + 2*a + 2, -a + g = 4*v + 2. Determine w(v).
-4
Let y(n) = n**2 - 5*n. Let t = -142 + 140. Let w be 8 + (1/t)/(-1)*-4. What is y(w)?
6
Let t(x) be the first derivative of -x**3/3 - 2*x**2 - 2*x + 15. Suppose 3*l - 3*b + 19 = -4*b, b - 21 = 5*l. Let m = l - -1. Calculate t(m).
-2
Let d(h) = h**2 - 3*h - 4. Let q(f) = 2*f. Let k be q(3). Let b be d(k). Let r be (-112)/b*(-1)/(-2). Let l(v) = v**3 + 5*v**2 + 3*v - 3. Give l(r).
1
Let u(l) = 5*l**3 - 7*l**2 - 9*l - 8. Let g(a) = -14*a**3 + 21*a**2 + 27*a + 23. Let w(h) = 6*g(h) + 17*u(h). Determine w(-5).
7
Let n be 4*-12*(-6)/8 + 0. Suppose -m + 16 = 3*m. Suppose -3*c + 18 = w - 6*c, -m*w + 3*c = -n. Let r(k) = k. Calculate r(w).
6
Let c = -6 - -7. Let v be 6*(-4)/(-12) + c. Let n(g) = -g**3 + g**2 + 3*g + 2. Determine n(v).
-7
Suppose 3*p - 5*p = -p. Let r(x) = x - 13. Determine r(p).
-13
Let c(w) be the third derivative of w**5/60 - w**4/12 + w**3/6 - 5*w**2 - 11. Give c(-2).
9
Suppose c - 7 = -2*s + s, 5*s - 33 = -3*c. Let l(z) = z - 4. Let h be l(s). Let r(g) = -5*g + 1. Calculate r(h).
-9
Let l(v) = v**2 - 8*v + 8. Suppose 14*i + 15 - 1 = 0. Let k be 1 - i*(-4 + 9). Give l(k).
-4
Let t(s) be the first derivative of 1 + 3/2*s**2 + 5*s. Give t(-4).
-7
Let i(c) be the third derivative of -c**4/6 - c**3/2 + 280*c**2. What is i(5)?
-23
Let n(f) be the third derivative of -f**5/30 + 23*f**4/24 + 2*f**3/3 - 7*f**2. What is n(11)?
15
Let x(s) = 11*s**3 - 11*s + 8. Let n(m) = 31*m**3 - m**2 - 32*m + 22. Let j(y) = -6*n(y) + 17*x(y). Let l(c) = 4*c + 8. Let f be l(-3). Give j(f).
16
Let i(d) = 15*d + 1. Let z be 1270/14 + (-4)/(-14). Let v be (-8)/14 + 143/z. Determine i(v).
16
Suppose k + 5 - 1 = 0. Let u(n) = 3*n**2 - 10*n - 20. Let h(l) = -7 - 7*l + l**2 + 7*l - 3*l. Let r(o) = k*u(o) + 11*h(o). Give r(7).
3
Let y(v) = v**2 - 29*v - 248. Let z be y(36). Let k(g) = g**3 - 2*g**2 - 3*g - 5. What is k(z)?
15
Let u = 4 - 1. Suppose -u*q + 4 = 19. Let x(l) be the first derivative of -l**4/4 - 2*l**3 - 5*l**2/2 + 3*l - 2. Give x(q).
3
Let k(j) = j - 1. Let s(h) = -7*h + 11. Let c(b) = -6*k(b) - s(b). Suppose -4*u + 5*q = -34, u + 2*u - 22 = 2*q. Calculate c(u).
1
Let d = -992 + 993. Let x(w) = -37*w**2. Give x(d).
-37
Let m(w) be the first derivative of -2*w**3/3 + 2*w - 1. Let h(q) = -q - 5. Let b be h(-7). Let x = b + 0. Determine m(x).
-6
Let k be 180/(-8)*3/((-27)/12). Suppose 5 = -5*d - k. Let g(l) = l**2 + 9*l + 9. What is g(d)?
-5
Let k(z) be the third derivative of z**5/60 - z**4/24 - 3*z**3/2 - 99*z**2. Determine k(4).
3
Let s = 1340 - 1336. Let o(r) = -4*r. Determine o(s).
-16
Suppose -a - 143 = -172. Let u(t) = -1 + t**2 + 25*t + 3 - a*t. What is u(4)?
2
Let g(p) = 5*p + 41*p**2 - 3 - 24*p**2 + 7*p - 18*p**2. What is g(5)?
32
Let z(w) = -w - 3*w + 7*w - 4*w. Let l(r) = -3*r + 1. Let t(q) = -l(q) + 2*z(q). Give t(6).
5
Suppose 0 = -30*k - 21 - 9. Let x(w) = 37*w + 1. What is x(k)?
-36
Suppose 0 = -4*h + 17*h + 13. Let a = 1 + h. Let s(d) be the first derivative of d**2/2 - 4*d + 1. Determine s(a).
-4
Let c be 1*3 - (7 - 4). Suppose -3*z = c, -3*g + 5*z = -g + 36. Let r = g - -12. Let n(a) = a**3 + 7*a**2 + 6*a + 8. What is n(r)?
8
Let n(q) = q**2 - 2*q - 5. Let d be n(3). Let g be -8 + (2 - d) - 7. Let l(h) = -2*h - 25. Let u be l(g). Let v(o) = o. Determine v(u).
-3
Suppose -p + 2 = -o - 0*o, -3*o - p = 22. Let k(q) = q + 12. What is k(o)?
6
Let u(p) be the first derivative of 7*p**2/2 + 1. Let h(v) = -2*v**2 - 7*v + 10. Let j be h(4). Let c = j + 51. Calculate u(c).
7
Let g be 3 + -3 - (1 + -3). Let u(y) = 0 + y + 6*y**g + 1 + y. Suppose -4*m = -57*v + 60*v + 31, -4*v - m - 11 = 0. Determine u(v).
5
Suppose 14 - 6 = 3*r + 2*u, 3*u - 6 = -3*r. Let t be 10/(-4)*(-20)/25. Let q(l) = -1 - r*l + 0*l**t + 3*l - l**2. What is q(-2)?
-3
Let z(t) = -t**3 + 6*t**2 + 8*t - 2. Let p be z(7). Let d(l) = -1. Let f(k) = 3 - k - 8 - 3. Let n(s) = -6*d(s) + f(s). What is n(p)?
-7
Let t(s) = -s. Let g(z) = -27*z - 3. Let k(d) = g(d) - 3*t(d). What is k(-2)?
45
Let s(d) = -d - 3. Suppose 3*a = 3*c - 18, 3*c - 5*c + 5*a + 27 = 0. Determine s(c).
-4
Let n(u) = u + 2. Suppose -l + 5*a = l - 27, 17 = l + a. Suppose 4*o + 0*o = -4*y - 8, -5*y - l = -o. Suppose -6 = -2*z, 3*q - o = -q + 5*z. Calculate n(q).
6
Let y(c) = -c + 1. Let b(q) = q**2 + 7*q - 6. Let r(f) = -b(f) - 3*y(f). Let t be (-7)/1*(-4)/14. Suppose 4*m = -t*d - 6, 4*m + 5*d = -m + 5. What is r(m)?
3
Let m(r) = 0*r + 0*r + 6 - 3*r. Let b(t) = -2*t**2 - 66*t - 60. Let p be b(-32). Calculate m(p).
-6
Let c(r) = 2098*r**3 - r**2 + 2 - 3*r**2 + 3*r - 2097*r**3. Let g = -3 - -5. Let d(s) = s**3 - s**2. Let l be d(g). Calculate c(l).
14
Let s(i) be the second derivative of -4/3*i**3 + 5/12*i**4 + 17*i + 1/20*i**5 - 3/2*i**2 + 0. Give s(-6).
9
Let i(x) = -70 - 4*x**3 + 69 + 0*x**2 + 3*x**3 + 6*x**2 + 9*x**2. Give i(15).
-1
Let i(t) = 9 + 0 + 0 + 41*t + 2026*t**2 - 2029*t**2. Calculate i(14).
-5
Let c(v) = -2*v**2 + 13*v - 15. Let u be c(1). Let k(b) = -b - 2. What is k(u)?
2
Let j(k) = -k**2 + 79 + 75 + 6*k - 255 + 2*k**2 + 106. Suppose 3*x + 9 = -4*h, x + 11 + 8 = -4*h. Determine j(h).
5
Let x(j) = -2*j**2 - j**3 - 7*j + 6 + 5*j**2 + 4*j**2. Let s be x(6). Suppose s = -5*i + 35 - 0. Let t(l) = l**2 - 7*l - 9. Calculate t(i).
-9
Let g(l) = l**2 - 4*l + 1. Let z(y) = 51*y**3 - y + 1. Let p be z(1). Let s = 79 - p. Let c = -25 + s. Give g(c).
-2
Let k be 87/99 - 54/99. Let w(a) be the second derivative of k*a**4 - a**3 + 3*a + 0 + 1/20*a**5 - 1/2*a**2. What is w(-5)?
4
Let u(l) be the third derivative of -l**5/120 - l**3/6 + 7*l**2. Let v(a) be the first derivative of u(a). Calculate v(-3).
3
Let z(b) be the first derivative of 0*b**2 - 9*b + 11 + 1/3*b**3. Determine z(0).
-9
Suppose 0*j - 40 = -10*j. Let v(o) be the second derivative of -1/20*o**5 - 5/2*o**2 + 2*o + 1/6*o**4 + 7/6*o**3 + 0. Give v(j).
-9
Let w(v) = 15*v**3 + v**2 + 15*v - 1. Let j(s) = 7*s**3 + 7*s - 1. Let k(o) = 13*j(o) - 6*w(o). Let y be 1*4 - (2 - 4). Determine k(y).
-1
Let m(d) be the second derivative of d**5/20 - d**4/12 + d**3/6 + 13*d**2/2 - d. Let f(a) = a + 32. Let h be f(-32). Calculate m(h).
13
Let d(h) be the third derivative of 29*h**2 + 0 + 1/8*h**4 + 1/30*h**5 - 2/3*h**3 + 0*h. Determine d(-3).
5
Suppose -4*w + 2*j = 3*j - 152, -90 = -2*w + 3*j. Let h = -37 + w. Let g(u) = 8*u**2 - 6*u**h + 2*u**2 + 4*u - 3 - 5*u**2. Give g(3).
0
Let y(h) = -9*h**2 + 2*h + 1. Let a(r) = r**3 - 7*r**2 - 18*r + 2. Let k be a(9). Give y(k).
-31
Let d(c) be the third derivative of -c**4/12 + c**3/6 - 2*c**2. Let y(v) = v - 1. Let g(h) = -6*d(h) - 13*y(h). Calculate g(6).
1
Let i(v) be the second derivative of -v**4/12 + v**3/6 - 16*v**2 + 18*v + 3. Give i(0).
-32
Let d(j) be the first derivative of j**6/20 - j**5/30 + j**3/6 + j**2 + 1. Let h(z) be the second derivati